at is the remainder when 1308642 is divided by 77?
27
What is the remainder when 391054 is divided by 79?
4
Calculate the remainder when 792700 is divided by 29.
14
What is the remainder when 2529437 is divided by 7396?
5
What is the remainder when 21126 is divided by 12181?
8945
Calculate the remainder when 123311 is divided by 2466.
11
What is the remainder when 95712 is divided by 31877?
81
Calculate the remainder when 297751 is divided by 985.
281
Calculate the remainder when 45541701 is divided by 312.
309
What is the remainder when 435121641 is divided by 718?
717
Calculate the remainder when 547610719 is divided by 10.
9
Calculate the remainder when 1123503 is divided by 2612.
343
Calculate the remainder when 11192387 is divided by 3490.
3447
Calculate the remainder when 13420787 is divided by 137.
130
What is the remainder when 29193911 is divided by 108?
107
What is the remainder when 18764403 is divided by 1199?
53
Calculate the remainder when 7811638 is divided by 1925.
1913
What is the remainder when 2353 is divided by 640?
433
Calculate the remainder when 18051 is divided by 488.
483
What is the remainder when 899763 is divided by 2549?
2515
What is the remainder when 963691 is divided by 7356?
55
What is the remainder when 3447605 is divided by 126?
119
What is the remainder when 282734 is divided by 2559?
1244
Calculate the remainder when 785829 is divided by 1836.
21
What is the remainder when 43880921 is divided by 24?
17
What is the remainder when 19895901 is divided by 1989588?
21
What is the remainder when 3897452 is divided by 556778?
6
What is the remainder when 419877 is divided by 59975?
52
Calculate the remainder when 6925965 is divided by 57237.
288
What is the remainder when 5748858 is divided by 124974?
54
What is the remainder when 17653124 is divided by 2582?
2572
Calculate the remainder when 1328221031 is divided by 123.
119
Calculate the remainder when 22881 is divided by 4974.
2985
Calculate the remainder when 746195 is divided by 373068.
59
What is the remainder when 28028630 is divided by 4004087?
21
What is the remainder when 15116 is divided by 1116?
608
What is the remainder when 1504403 is divided by 343?
5
Calculate the remainder when 2036906 is divided by 20.
6
Calculate the remainder when 1141697 is divided by 2354.
7
Calculate the remainder when 228616 is divided by 2484.
88
What is the remainder when 325380 is divided by 2562?
6
What is the remainder when 1069671 is divided by 606?
81
What is the remainder when 7355388 is divided by 137?
132
What is the remainder when 192782 is divided by 605?
392
Calculate the remainder when 1240043 is divided by 61988.
283
What is the remainder when 33529 is divided by 8281?
405
Calculate the remainder when 17619028 is divided by 333.
331
Calculate the remainder when 62793 is divided by 60499.
2294
What is the remainder when 13774202 is divided by 79?
78
Calculate the remainder when 2010582 is divided by 1005256.
70
What is the remainder when 149600415 is divided by 31?
26
What is the remainder when 29954861 is divided by 5990971?
6
What is the remainder when 9359782 is divided by 49?
47
Calculate the remainder when 94342 is divided by 11769.
190
Calculate the remainder when 33801952 is divided by 846.
22
Calculate the remainder when 3516 is divided by 751.
512
Calculate the remainder when 677617 is divided by 1665.
1627
What is the remainder when 4251844 is divided by 2062?
0
Calculate the remainder when 341421 is divided by 1292.
333
Calculate the remainder when 1553574 is divided by 4268.
22
Calculate the remainder when 1863670 is divided by 211.
118
Calculate the remainder when 975700 is divided by 131.
12
What is the remainder when 34022916 is divided by 17011452?
12
Calculate the remainder when 42394 is divided by 727.
228
What is the remainder when 67323 is divided by 614?
397
Calculate the remainder when 207308 is divided by 51487.
1360
Calculate the remainder when 1104140 is divided by 1907.
1894
Calculate the remainder when 460450 is divided by 161.
151
Calculate the remainder when 287034 is divided by 884.
618
Calculate the remainder when 157588 is divided by 143.
2
What is the remainder when 4293446 is divided by 159015?
41
Calculate the remainder when 1251936 is divided by 621.
0
What is the remainder when 309083 is divided by 416?
411
What is the remainder when 2582954 is divided by 20?
14
What is the remainder when 10689417 is divided by 93?
90
What is the remainder when 3187734 is divided by 199203?
486
What is the remainder when 101872 is divided by 29?
24
What is the remainder when 551919 is divided by 551789?
130
What is the remainder when 143865 is divided by 1754?
37
Calculate the remainder when 6472485 is divided by 7280.
565
Calculate the remainder when 1196240 is divided by 252.
248
Calculate the remainder when 16202757 is divided by 2025330.
117
What is the remainder when 6458543 is divided by 255?
158
What is the remainder when 124272 is divided by 62050?
172
What is the remainder when 47241425 is divided by 800702?
7
What is the remainder when 20072 is divided by 909?
74
What is the remainder when 17778 is divided by 1266?
54
What is the remainder when 935991 is divided by 184?
167
Calculate the remainder when 1562546 is divided by 520847.
5
What is the remainder when 1958550 is divided by 33?
0
What is the remainder when 861932 is divided by 10641?
11
What is the remainder when 136160 is divided by 736?
0
Calculate the remainder when 710411 is divided by 142071.
56
Calculate the remainder when 516243 is divided by 3488.
19
What is the remainder when 2854764 is divided by 951496?
276
What is the remainder when 1101680 is divided by 157?
11
Calculate the remainder when 469700 is divided by 116724.
2804
What is the remainder when 32211123 is divided by 1533863?
0
Calculate the remainder when 1651584 is divided by 66061.
59
Calculate the remainder when 121296596 is divided by 38.
26
Calculate the remainder when 14598122 is divided by 167.
151
What is the remainder when 1507494 is divided by 12668?
2
What is the remainder when 76164 is divided by 403?
400
Calculate the remainder when 13860035 is divided by 815296.
3
What is the remainder when 45747830 is divided by 9149565?
5
What is the remainder when 7967376 is divided by 109141?
83
Calculate the remainder when 32306119 is divided by 191.
188
What is the remainder when 22736619 is divided by 49?
31
Calculate the remainder when 23796178 is divided by 3330.
3328
Calculate the remainder when 7061367 is divided by 10.
7
What is the remainder when 1149367479 is divided by 20?
19
Calculate the remainder when 9495167 is divided by 4281.
4190
Calculate the remainder when 9578765 is divided by 1112.
1109
What is the remainder when 2329163 is divided by 72786?
11
Calculate the remainder when 776827 is divided by 262.
259
What is the remainder when 2652130 is divided by 6255?
10
What is the remainder when 883335 is divided by 88333?
5
Calculate the remainder when 1032020 is divided by 172003.
2
What is the remainder when 36992726 is divided by 1167?
1160
Calculate the remainder when 1290580 is divided by 14656.
852
Calculate the remainder when 617543 is divided by 617543.
0
Calculate the remainder when 118126 is divided by 39375.
1
What is the remainder when 1133767 is divided by 22230?
37
What is the remainder when 5439656 is divided by 175471?
55
Calculate the remainder when 583713 is divided by 5557.
228
What is the remainder when 425567 is divided by 1606?
1583
Calculate the remainder when 9916859 is divided by 1543.
1541
What is the remainder when 214650 is divided by 252?
198
What is the remainder when 253120578 is divided by 10?
8
What is the remainder when 4555384 is divided by 567?
106
Calculate the remainder when 1984031 is divided by 1538.
11
Calculate the remainder when 37256 is divided by 782.
502
Calculate the remainder when 77941721 is divided by 3346.
3343
What is the remainder when 311898 is divided by 380?
298
What is the remainder when 208357 is divided by 525?
457
Calculate the remainder when 20840004 is divided by 365614.
6
What is the remainder when 46424399 is divided by 55933?
9
What is the remainder when 29219 is divided by 4926?
4589
Calculate the remainder when 1671626 